15
Let r(l) = -14*l - 8. Let d be r(-11). Suppose -5*o + 195 = 4*n, -5*o - n + d = -34. Let q(y) = 22*y + 7. Calculate the remainder when q(6) is divided by o.
34
Let m = 1859 + -1768. What is the remainder when 288 is divided by m?
15
Suppose -4*n + 569 = 3*c, -5*c - 5*n = -3*n - 925. Let u = -363 + c. Calculate the remainder when (-1 - 1)*u/9 is divided by 14.
12
Suppose -31*i + 2646 = -13*i. Calculate the remainder when i is divided by 25.
22
Suppose -5*m + 4*p = -46, -4*p + 14 = 5*m - 0*m. Suppose -3*h + m*h = 33. Calculate the remainder when 28 is divided by h.
6
Let b = 18 + -7. Suppose -n + 5*t = 1, 6*n = 3*n - t + 45. Let i = b + n. What is the remainder when 48 is divided by i?
23
Let o(a) be the third derivative of 0*a - 1/2*a**4 + 0 + 1/60*a**5 - 17/6*a**3 + a**2. What is the remainder when o(14) is divided by 7?
4
What is the remainder when (-6)/(-39) + 4078/26 is divided by 27?
22
Suppose -493 + 58 = 5*l. Let g(r) = -3*r**2 + 6*r + 1. Let h be g(5). Let a = h - l. Calculate the remainder when a is divided by 15.
13
Let b(q) = 4*q - 9. Suppose -3*f - 44*k + 95 = -48*k, -3*f = 4*k - 127. What is the remainder when f is divided by b(7)?
18
Let a(y) be the second derivative of -2*y**3/3 - 3*y**2/2 - 2*y. Let d be a(-5). Suppose -d = -w + 3. Calculate the remainder when 78 is divided by w.
18
Suppose 32*w + 9 = 35*w. Suppose 2*u = 3*s - 22 - 17, -w*s + 57 = 4*u. What is the remainder when 147 is divided by s?
12
Suppose -k + 2*k = 12. Let q(x) = x**2 + 6*x + 30. Calculate the remainder when q(-3) is divided by k.
9
Let u be ((-50)/125)/(1/(-30)). Suppose -3*c + 36 = 3*h + u, 4*c - 2*h = 56. What is the remainder when 22 is divided by c?
10
Suppose -34*z + 29*z + 155 = 0. Suppose -3*g = -4*o + z, -3*o + 0 + 2 = 2*g. What is the remainder when 8 is divided by o?
0
Calculate the remainder when (-159 - -153)*257*(-4)/6 is divided by 147.
146
Let j(t) be the first derivative of -t**4/4 + 3*t**3 - 5*t**2/2 - 4*t + 13. Calculate the remainder when j(8) is divided by 8.
4
Suppose -5*k = -0*k + 35. Let q(c) = 2*c**2 + 11*c + 5. Let f be q(k). Let l = f - 13. Calculate the remainder when 51 is divided by l.
12
Let q(k) = 12*k + 5. Let t be -54*(15/9)/(-5). Suppose 7*x - 116 + t = 0. Calculate the remainder when q(4) is divided by x.
11
Suppose 4*d = 11*d - 217. What is the remainder when 246 is divided by d?
29
What is the remainder when 182 is divided by 8/80 + 1238/20?
58
Let r be (-1)/1*(-1 + -1)*-3. Calculate the remainder when 6*3 - ((-25)/5 - r) is divided by 7.
3
Let q be 0/(-2)*4/12. Calculate the remainder when (17 - -3)*18/8 is divided by 36*((-2)/(-3) - q).
21
Suppose -2*b - b = -3*h - 342, 0 = -4*b + 5*h + 453. Calculate the remainder when b is divided by 10.
7
Suppose -3*o + 451 + 218 = 0. Suppose -i - 4*i = 2*h - o, -3*i + 138 = -3*h. Calculate the remainder when i is divided by 25.
20
Let y = -80 + 858. What is the remainder when y is divided by 65?
63
Let p be 4*(-3)/6 - 1. Let z be 35/((-2)/6*p). Suppose u + 9 - z = 0. What is the remainder when u is divided by 7?
5
Let k be (18/30)/((-1)/(-5)). Suppose z - k*z = 5*j - 27, -5*j + 15 = 5*z. Let f(b) = b**2 - 6*b + 12. What is the remainder when f(j) is divided by 4?
3
Let f(y) = y**3 + 9*y**2 + 24*y + 53. Let z = 59 - 16. Calculate the remainder when z is divided by f(-6).
9
Let d = 30 - 28. Suppose 12*l = -d*l + 588. What is the remainder when l is divided by 9?
6
Let h(x) = -2*x + 2. Let w be h(-1). Suppose r - 8 = y + 26, -w*y - 5*r = 163. Let l = 72 + y. Calculate the remainder when l is divided by 13.
9
Let p(r) = 9*r - 1. Let z be p(3). Let x = 52 - z. Calculate the remainder when x is divided by 14.
12
Let u(s) = s**2 + 2*s + 2. Suppose -3*b = -2*b + 3. Let o be u(b). What is the remainder when (99/(-6))/(o/(-10)) is divided by 18?
15
Let h = 42 - 37. Suppose 5*j = -4*w + 104, -2*w + 4*w = -h*j + 102. Calculate the remainder when 158 is divided by j.
18
Suppose 0 = -14*y + 995 + 27. What is the remainder when y is divided by 32?
9
Suppose -5*a + 122 = 4*x, -5*a = -2*x + x - 132. Calculate the remainder when 143 is divided by a.
13
Let q = 3280 + -1203. Calculate the remainder when q is divided by 16.
13
Suppose 4*a - 17 = 131. Calculate the remainder when 148 is divided by a.
0
Suppose -9*x = -16*x + 413. What is the remainder when x is divided by 11?
4
Let d = -299 - -554. Suppose -4*m - i = m - d, 4*m - 188 = -4*i. What is the remainder when m is divided by 18?
16
Suppose -251 = -3*w + 688. What is the remainder when w is divided by 21?
19
Calculate the remainder when 2 + 245/4 + (-2)/8 is divided by 13.
11
Let n = -57 - -51. What is the remainder when 12 is divided by 2*-3*5/n?
2
Let t be 10/5 + -2 + 3. Suppose -2*b + 18 = d, 0 = t*d + 5*b - 2*b - 51. What is the remainder when 23 is divided by d?
7
Let w(p) = -6*p + 1. Suppose -61*b = -70*b + 27. Calculate the remainder when w(-5) is divided by b.
1
Let v be 34 + -6 + -2*2. Suppose -7*f + 53 + v = 0. What is the remainder when 42 is divided by f?
9
Let a(u) = 3*u**2 - 2*u + 3. What is the remainder when 6 is divided by a(0)?
0
Suppose 452 = 23*y - 31. Calculate the remainder when 80 is divided by y.
17
What is the remainder when 45 is divided by ((-96)/4)/(((-78)/4)/13)?
13
Let y = 17 + 9. What is the remainder when 231 is divided by y?
23
Suppose -i = -0*i - 2, 2*x = 2*i + 132. Suppose -5*y + 5*j + 350 = -0*y, y - x = 2*j. Suppose 7*f - 333 = -158. What is the remainder when y is divided by f?
22
Suppose -10 = 8*p - 2. Let k(d) = -7*d**2 - 4*d**3 + 7*d**2 + 1 + d. What is the remainder when 5 is divided by k(p)?
1
Let g be (-1)/((6/45)/((-4)/6)). Suppose 4*u = 4*j - 9*j + 100, -5*u - g*j + 125 = 0. Calculate the remainder when 99 is divided by u.
24
Let v(b) = 65 - b - 66 + 2*b. Let r = -26 - -34. What is the remainder when 18 is divided by v(r)?
4
Let h(b) = -35*b - 4. Let x be 0*(-2)/(-4) - 2. Calculate the remainder when h(x) is divided by 17.
15
Suppose -o - 6 + 115 = 0. Let n = -62 + o. Calculate the remainder when n is divided by 10.
7
Suppose b - 17 = 5*j, 0 = -2*b - 5*j - 22 - 4. Let a be -4*((-45)/(-20) + b). Suppose 10*v - 609 = a*v. What is the remainder when v is divided by 22?
21
Let m(t) = -t**3 + t**2 + 10*t + 1193. What is the remainder when m(0) is divided by 133?
129
Suppose 18*k - 21*k = -558. What is the remainder when k is divided by 50?
36
Suppose 0 = 3*p - 17 + 2. Suppose -105 = -p*b + 25. What is the remainder when 77 is divided by b?
25
Let i = -35 - -96. Calculate the remainder when i is divided by 7.
5
What is the remainder when 28 is divided by (1 + (-1 - 3))*-2?
4
Let w(h) = -h + 10. Let x = -10 - -24. Suppose x = 2*f + 2. What is the remainder when f is divided by w(7)?
0
Let o(v) = -6*v + 258. What is the remainder when o(38) is divided by 16?
14
Suppose 7*a + 55 = 6*a. Let q = a - -84. What is the remainder when 86 is divided by q?
28
Suppose -108*d = -97*d - 44. What is the remainder when 20 is divided by d?
0
Let f = -1981 + 2005. What is the remainder when f is divided by 6?
0
Let p(t) = t**2 + 8*t. Let l be p(-7). Let b(w) = -w - 18. Let r be b(l). Let c = 0 - r. What is the remainder when 54 is divided by c?
10
What is the remainder when 10*-15*(-192)/80 is divided by 91?
87
Let l(f) = 5*f**3 + 2. Let j be l(-2). Let h = j + 43. Let n(i) = i**2 - 4*i + 2. Calculate the remainder when n(6) is divided by h.
4
Suppose -80*m + 79*m - 2*g + 533 = 0, -5*m = -2*g - 2725. Calculate the remainder when m is divided by 78.
75
Let k = -11 - -30. Let g be -15*(-1)/3*3. Let m = k - g. Calculate the remainder when 7 is divided by m.
3
Let k(o) = o**2 + 3*o + 1. Let h be (-19)/((-95)/(-30)) + 13. Calculate the remainder when (6/h)/((-37)/(-5180)) is divided by k(5).
38
Let u be (24/9)/4*9. Calculate the remainder when (3/(-2))/(u/(-320)) is divided by (-153)/(-6) + -5*(-9)/30.
26
Suppose 4*n + 328 = 5*w, -w - 2*n + 43 + 31 = 0. Suppose -15*d + 17*d - w = 0. What is the remainder when d is divided by 9?
7
Let h(b) = 2*b**2 - b - 54. Calculate the remainder when h(-7) is divided by 21.
9
Let y(m) = m - 9. Let x be y(12). Suppose -2*s + 51 = i, -3*i = x*s - 56 - 25. Calculate the remainder when 67 is divided by s.
19
Calculate the remainder when 323 is divided by ((-9)/6)/(16/(-1120)).
8
Suppose